{"id":72,"date":"2024-07-17T18:19:06","date_gmt":"2024-07-17T18:19:06","guid":{"rendered":"https:\/\/www.osma-art.fi\/?page_id=72"},"modified":"2024-11-21T19:25:41","modified_gmt":"2024-11-21T17:25:41","slug":"tilaus-ja-toimitusehdot","status":"publish","type":"page","link":"https:\/\/www.osma-art.fi\/index.php\/tilaus-ja-toimitusehdot\/","title":{"rendered":"Tilaus- ja toimitusehdot"},"content":{"rendered":"\t\t<div data-elementor-type=\"wp-page\" data-elementor-id=\"72\" class=\"elementor elementor-72\" data-elementor-post-type=\"page\">\n\t\t\t\t<div class=\"elementor-element elementor-element-68b1290 e-flex e-con-boxed e-con e-parent\" data-id=\"68b1290\" data-element_type=\"container\" data-e-type=\"container\">\n\t\t\t\t\t<div class=\"e-con-inner\">\n\t\t\t\t<div class=\"elementor-element elementor-element-63b50d1 elementor-widget elementor-widget-text-editor\" data-id=\"63b50d1\" data-element_type=\"widget\" data-e-type=\"widget\" data-widget_type=\"text-editor.default\">\n\t\t\t\t<div class=\"elementor-widget-container\">\n\t\t\t\t\t\t\t\t\t<p>OSMA Art myy tuotteita t\u00e4ysi-ik\u00e4isille yksityishenkil\u00f6ille ja yrityksille, t\u00e4ll\u00e4 hetkell\u00e4 vain Suomessa. Toimitusehtoja sovelletaan tuotteiden tilaamiseen OSMA Artin verkkokaupassa sek\u00e4 vastaaviin toimituksiin. Toimitusehdot ovat voimassa 1.12.2024 alkaen.<\/p><p><strong>Tuotteet ja hinnat<\/strong><br \/>Verkkokaupassa on esitelty tuotteiden ominaisuudet ja hinnat. OSMA Art pid\u00e4tt\u00e4\u00e4 oikeuden hintojen ja toimituskulujen muutoksiin. Muun muassa jalometallien muuttuvat maailmanmarkkinahinnat saattavat vaikuttaa korujen hintaan. Tuotteiden hinnat eiv\u00e4t toistaiseksi sis\u00e4ll\u00e4 arvonlis\u00e4veroa, ja t\u00e4m\u00e4 on ilmoitettu sek\u00e4 ostoskorissa ett\u00e4 tilausvahvistuksessa.<\/p><p><strong>Toimituskulut<\/strong><br \/>Tilauksesta veloitettavat toimituskulut riippuvat tuotteiden m\u00e4\u00e4r\u00e4st\u00e4 ja valitusta toimitustavasta. Toimituskulut lis\u00e4t\u00e4\u00e4n automaattisesti tilauksen loppusummaan ja summa n\u00e4kyy eriteltyn\u00e4 ostoskorissa.<\/p><p><strong>Tilaaminen<\/strong><br \/>Tuotteita voi tilata OSMA Artin verkkokaupassa siirt\u00e4m\u00e4ll\u00e4 ne ostoskoriin ja maksamalla ostoskorin sis\u00e4lt\u00f6 maksupalvelussa. Tilaajan on perehdytt\u00e4v\u00e4 ennen tilaamista toimitusehtoihin.<\/p><p><strong>Maksaminen ja maksutavat<\/strong><br \/>Tilaus maksetaan verkkokaupassa valittavissa olevilla maksutavoilla.<\/p><p><strong>Tilaus- ja maksuvahvistus<\/strong><br \/>Onnistuneen tilauksen j\u00e4lkeen tilaajan s\u00e4hk\u00f6postiin l\u00e4hetet\u00e4\u00e4n tilausvahvistus. Tilausvahvistuksessa vahvistetaan my\u00f6s k\u00e4ytetty maksutapa.<\/p><p><strong>Toimitustapa<\/strong><br \/>Tilaus toimitetaan sill\u00e4 toimitustavalla, jonka tilaaja valitsee verkkokaupassa annetuista vaihtoehdoista.<br \/>Toimitusaika<br \/>Tyypillinen toimitusaika varastossa oleville tuotteille on 3-5 arkip\u00e4iv\u00e4\u00e4.<\/p><p><strong>Peruutusoikeus ja palautusehdot<\/strong><br \/>Yksityishenkil\u00f6ill\u00e4 on Suomen kuluttajansuojalain mukainen oikeus peruuttaa tilaus ilmoittamalla t\u00e4st\u00e4 OSMA Artille viimeist\u00e4\u00e4n 14 p\u00e4iv\u00e4n kuluttua tavaran tai viimeisen tavaraer\u00e4n vastaanottamisesta. Peruuttamisilmoitus tulee tehd\u00e4 selke\u00e4sti s\u00e4hk\u00f6postiosoitteeseen anu@osma-art.fi l\u00e4hetetyll\u00e4 viestill\u00e4.<br \/>Peruutusoikeus koskee vain alkuper\u00e4ispakkauksessa olevia ja k\u00e4ytt\u00e4m\u00e4tt\u00f6mi\u00e4 tuotteita. Tuotteet on palautettava viivytyksett\u00e4 ja viimeist\u00e4\u00e4n 14 p\u00e4iv\u00e4n kuluttua peruuttamisilmoituksen tekemisest\u00e4. Palautettavat tuotteet tulee pakata huolellisesti takaisinl\u00e4hetyst\u00e4 varten ja pakettiin on liitett\u00e4v\u00e4 nimi, yhteystiedot sek\u00e4 tilinumero rahojen palautusta varten. Palauttajan on maksettava palauttamisesta aiheutuvat kustannukset. Tuotteiden hinta palautetaan asiakkaalle viivytyksett\u00e4, kun palautusl\u00e4hetys on saapunut takaisin myyj\u00e4lle.<\/p><p>Tuotteiden palautusosoite on <br \/>OSMA Art <br \/>Virsuranta 3 A <br \/>81850 M\u00e4t\u00e4svaara<\/p><p><br \/><strong>L\u00e4hetyksen tarkistus, virhe ja ongelmatilanteet<\/strong><br \/>Tilaajan tulee tarkistaa toimitus heti sen saavuttua perille. Jos tuote on kadonnut tai vioittunut kuljetuksen aikana tai se ei muuten vastaa tilausta tai on virheellinen, asiasta tulee ilmoittaa viipym\u00e4tt\u00e4 ja viimeist\u00e4\u00e4n 14 p\u00e4iv\u00e4n kuluessa myyj\u00e4lle. OSMA Artin tuotteiden osalta on syyt\u00e4 muistaa, ett\u00e4 kyseess\u00e4 ovat k\u00e4sity\u00f6n\u00e4 tehdyt tuotteet, joissa muotteina on k\u00e4ytetty luonnonmateriaaleja, joten korut ovat yksil\u00f6llisi\u00e4 eli toisiinsa verrattuna niiss\u00e4 voi esiinty\u00e4 pieni\u00e4 eroja. Kuluttajakaupassa OSMA Art noudattaa virheiden osalta pakottavia kuluttajasuojalain virhevastuus\u00e4\u00e4nn\u00f6ksi\u00e4.<\/p><p><strong>Vastuunrajoitus<\/strong><br \/>OSMA Art ei vastaa mist\u00e4\u00e4n tilaukseen, toimitukseen tai tuotteeseen liittyv\u00e4st\u00e4 tai mist\u00e4\u00e4n edell\u00e4 mainitusta aiheutuneesta v\u00e4lillisest\u00e4 tai v\u00e4litt\u00f6m\u00e4st\u00e4 tai muusta vahingosta paitsi siihen asti kuin pakottava m\u00e4\u00e4r\u00e4ys kuluttajanasuojalaissa tai muussa pakottavassa laissa on kyseisen vahingon osalta toisin m\u00e4\u00e4r\u00e4nnyt.<\/p><p><strong>Erimielisyydet<\/strong><br \/>OSMA Art pyrkii sopimaan mahdolliset tilausta koskevat erimielisyydet ensisijaisesti suoraan asiakkaan kanssa, joten otathan ongelmatilanteessa yhteytt\u00e4 OSMA Artiin puhelimitse tai s\u00e4hk\u00f6postitse.<br \/>Jos kauppasopimusta koskevaa erimielisyytt\u00e4 ei saada ratkaistuksi osapuolten v\u00e4lisill\u00e4 neuvotteluilla, kuluttaja voi saattaa asian kuluttajariitalautakunnan (www.kuluttajariita.fi) ratkaistavaksi. Ennen asian viemist\u00e4 kuluttajariitalautakunnan k\u00e4sittelyyn kuluttajan tulee olla yhteydess\u00e4 maistraattien kuluttajaneuvontaan (www.kuluttajaneuvonta.fi).<\/p>\t\t\t\t\t\t\t\t<\/div>\n\t\t\t\t<\/div>\n\t\t\t\t\t<\/div>\n\t\t\t\t<\/div>\n\t\t\t\t<\/div>\n\t\t","protected":false},"excerpt":{"rendered":"<p>OSMA Art myy tuotteita t\u00e4ysi-ik\u00e4isille yksityishenkil\u00f6ille ja yrityksille, t\u00e4ll\u00e4 hetkell\u00e4 vain Suomessa. Toimitusehtoja sovelletaan tuotteiden tilaamiseen OSMA Artin verkkokaupassa sek\u00e4 vastaaviin toimituksiin. Toimitusehdot ovat voimassa 1.12.2024 alkaen. Tuotteet ja hinnatVerkkokaupassa [&hellip;]<\/p>\n","protected":false},"author":1,"featured_media":0,"parent":0,"menu_order":0,"comment_status":"closed","ping_status":"closed","template":"","meta":{"_crdt_document":"","footnotes":""},"class_list":["post-72","page","type-page","status-publish","hentry"],"yoast_head":"<!-- This site is optimized with the Yoast SEO plugin v27.5 - https:\/\/yoast.com\/product\/yoast-seo-wordpress\/ -->\n<title>Tilaus- ja toimitusehdot - OSMA Art<\/title>\n<meta name=\"robots\" content=\"index, follow, max-snippet:-1, max-image-preview:large, max-video-preview:-1\" \/>\n<link rel=\"canonical\" href=\"https:\/\/www.osma-art.fi\/index.php\/tilaus-ja-toimitusehdot\/\" \/>\n<meta property=\"og:locale\" content=\"fi_FI\" \/>\n<meta property=\"og:type\" content=\"article\" \/>\n<meta property=\"og:title\" content=\"Tilaus- ja toimitusehdot - OSMA Art\" \/>\n<meta property=\"og:description\" content=\"OSMA Art myy tuotteita t\u00e4ysi-ik\u00e4isille yksityishenkil\u00f6ille ja yrityksille, t\u00e4ll\u00e4 hetkell\u00e4 vain Suomessa. Toimitusehtoja sovelletaan tuotteiden tilaamiseen OSMA Artin verkkokaupassa sek\u00e4 vastaaviin toimituksiin. Toimitusehdot ovat voimassa 1.12.2024 alkaen. Tuotteet ja hinnatVerkkokaupassa [&hellip;]\" \/>\n<meta property=\"og:url\" content=\"https:\/\/www.osma-art.fi\/index.php\/tilaus-ja-toimitusehdot\/\" \/>\n<meta property=\"og:site_name\" content=\"OSMA Art\" \/>\n<meta property=\"article:modified_time\" content=\"2024-11-21T17:25:41+00:00\" \/>\n<meta name=\"twitter:card\" content=\"summary_large_image\" \/>\n<meta name=\"twitter:label1\" content=\"Arvioitu lukuaika\" \/>\n\t<meta name=\"twitter:data1\" content=\"3 minuuttia\" \/>\n<script type=\"application\/ld+json\" class=\"yoast-schema-graph\">{\"@context\":\"https:\\\/\\\/schema.org\",\"@graph\":[{\"@type\":\"WebPage\",\"@id\":\"https:\\\/\\\/www.osma-art.fi\\\/index.php\\\/tilaus-ja-toimitusehdot\\\/\",\"url\":\"https:\\\/\\\/www.osma-art.fi\\\/index.php\\\/tilaus-ja-toimitusehdot\\\/\",\"name\":\"Tilaus- ja toimitusehdot - OSMA Art\",\"isPartOf\":{\"@id\":\"https:\\\/\\\/www.osma-art.fi\\\/#website\"},\"datePublished\":\"2024-07-17T18:19:06+00:00\",\"dateModified\":\"2024-11-21T17:25:41+00:00\",\"breadcrumb\":{\"@id\":\"https:\\\/\\\/www.osma-art.fi\\\/index.php\\\/tilaus-ja-toimitusehdot\\\/#breadcrumb\"},\"inLanguage\":\"fi\",\"potentialAction\":[{\"@type\":\"ReadAction\",\"target\":[\"https:\\\/\\\/www.osma-art.fi\\\/index.php\\\/tilaus-ja-toimitusehdot\\\/\"]}]},{\"@type\":\"BreadcrumbList\",\"@id\":\"https:\\\/\\\/www.osma-art.fi\\\/index.php\\\/tilaus-ja-toimitusehdot\\\/#breadcrumb\",\"itemListElement\":[{\"@type\":\"ListItem\",\"position\":1,\"name\":\"Home\",\"item\":\"https:\\\/\\\/www.osma-art.fi\\\/\"},{\"@type\":\"ListItem\",\"position\":2,\"name\":\"Tilaus- ja toimitusehdot\"}]},{\"@type\":\"WebSite\",\"@id\":\"https:\\\/\\\/www.osma-art.fi\\\/#website\",\"url\":\"https:\\\/\\\/www.osma-art.fi\\\/\",\"name\":\"OSMA Art\",\"description\":\"\",\"potentialAction\":[{\"@type\":\"SearchAction\",\"target\":{\"@type\":\"EntryPoint\",\"urlTemplate\":\"https:\\\/\\\/www.osma-art.fi\\\/?s={search_term_string}\"},\"query-input\":{\"@type\":\"PropertyValueSpecification\",\"valueRequired\":true,\"valueName\":\"search_term_string\"}}],\"inLanguage\":\"fi\"}]}<\/script>\n<!-- \/ Yoast SEO plugin. -->","yoast_head_json":{"title":"Tilaus- ja toimitusehdot - OSMA Art","robots":{"index":"index","follow":"follow","max-snippet":"max-snippet:-1","max-image-preview":"max-image-preview:large","max-video-preview":"max-video-preview:-1"},"canonical":"https:\/\/www.osma-art.fi\/index.php\/tilaus-ja-toimitusehdot\/","og_locale":"fi_FI","og_type":"article","og_title":"Tilaus- ja toimitusehdot - OSMA Art","og_description":"OSMA Art myy tuotteita t\u00e4ysi-ik\u00e4isille yksityishenkil\u00f6ille ja yrityksille, t\u00e4ll\u00e4 hetkell\u00e4 vain Suomessa. Toimitusehtoja sovelletaan tuotteiden tilaamiseen OSMA Artin verkkokaupassa sek\u00e4 vastaaviin toimituksiin. Toimitusehdot ovat voimassa 1.12.2024 alkaen. Tuotteet ja hinnatVerkkokaupassa [&hellip;]","og_url":"https:\/\/www.osma-art.fi\/index.php\/tilaus-ja-toimitusehdot\/","og_site_name":"OSMA Art","article_modified_time":"2024-11-21T17:25:41+00:00","twitter_card":"summary_large_image","twitter_misc":{"Arvioitu lukuaika":"3 minuuttia"},"schema":{"@context":"https:\/\/schema.org","@graph":[{"@type":"WebPage","@id":"https:\/\/www.osma-art.fi\/index.php\/tilaus-ja-toimitusehdot\/","url":"https:\/\/www.osma-art.fi\/index.php\/tilaus-ja-toimitusehdot\/","name":"Tilaus- ja toimitusehdot - OSMA Art","isPartOf":{"@id":"https:\/\/www.osma-art.fi\/#website"},"datePublished":"2024-07-17T18:19:06+00:00","dateModified":"2024-11-21T17:25:41+00:00","breadcrumb":{"@id":"https:\/\/www.osma-art.fi\/index.php\/tilaus-ja-toimitusehdot\/#breadcrumb"},"inLanguage":"fi","potentialAction":[{"@type":"ReadAction","target":["https:\/\/www.osma-art.fi\/index.php\/tilaus-ja-toimitusehdot\/"]}]},{"@type":"BreadcrumbList","@id":"https:\/\/www.osma-art.fi\/index.php\/tilaus-ja-toimitusehdot\/#breadcrumb","itemListElement":[{"@type":"ListItem","position":1,"name":"Home","item":"https:\/\/www.osma-art.fi\/"},{"@type":"ListItem","position":2,"name":"Tilaus- ja toimitusehdot"}]},{"@type":"WebSite","@id":"https:\/\/www.osma-art.fi\/#website","url":"https:\/\/www.osma-art.fi\/","name":"OSMA Art","description":"","potentialAction":[{"@type":"SearchAction","target":{"@type":"EntryPoint","urlTemplate":"https:\/\/www.osma-art.fi\/?s={search_term_string}"},"query-input":{"@type":"PropertyValueSpecification","valueRequired":true,"valueName":"search_term_string"}}],"inLanguage":"fi"}]}},"_links":{"self":[{"href":"https:\/\/www.osma-art.fi\/index.php\/wp-json\/wp\/v2\/pages\/72","targetHints":{"allow":["GET"]}}],"collection":[{"href":"https:\/\/www.osma-art.fi\/index.php\/wp-json\/wp\/v2\/pages"}],"about":[{"href":"https:\/\/www.osma-art.fi\/index.php\/wp-json\/wp\/v2\/types\/page"}],"author":[{"embeddable":true,"href":"https:\/\/www.osma-art.fi\/index.php\/wp-json\/wp\/v2\/users\/1"}],"replies":[{"embeddable":true,"href":"https:\/\/www.osma-art.fi\/index.php\/wp-json\/wp\/v2\/comments?post=72"}],"version-history":[{"count":4,"href":"https:\/\/www.osma-art.fi\/index.php\/wp-json\/wp\/v2\/pages\/72\/revisions"}],"predecessor-version":[{"id":713,"href":"https:\/\/www.osma-art.fi\/index.php\/wp-json\/wp\/v2\/pages\/72\/revisions\/713"}],"wp:attachment":[{"href":"https:\/\/www.osma-art.fi\/index.php\/wp-json\/wp\/v2\/media?parent=72"}],"curies":[{"name":"wp","href":"https:\/\/api.w.org\/{rel}","templated":true}]}}